{"id":9437,"date":"2023-08-26T05:52:14","date_gmt":"2023-08-26T05:52:14","guid":{"rendered":"https:\/\/carolinacordobaeditora.ar\/?page_id=9437"},"modified":"2023-09-30T17:46:18","modified_gmt":"2023-09-30T17:46:18","slug":"servicio-editorial","status":"publish","type":"page","link":"https:\/\/carolinacordobaeditora.ar\/index.php\/servicio-editorial\/","title":{"rendered":"Servicio Editorial"},"content":{"rendered":"\t\t<div data-elementor-type=\"wp-page\" data-elementor-id=\"9437\" class=\"elementor elementor-9437\" data-elementor-post-type=\"page\">\n\t\t\t\t\t\t<section class=\"elementor-section elementor-top-section elementor-element elementor-element-1ebbc7f elementor-section-boxed elementor-section-height-default elementor-section-height-default wd-section-disabled\" data-id=\"1ebbc7f\" data-element_type=\"section\" data-settings=\"{&quot;ekit_has_onepagescroll_dot&quot;:&quot;yes&quot;}\">\n\t\t\t\t\t\t<div class=\"elementor-container elementor-column-gap-default\">\n\t\t\t\t\t<div class=\"elementor-column elementor-col-50 elementor-top-column elementor-element elementor-element-1d73467\" data-id=\"1d73467\" data-element_type=\"column\">\n\t\t\t<div class=\"elementor-widget-wrap elementor-element-populated\">\n\t\t\t\t\t\t<div class=\"elementor-element elementor-element-61c014c elementor-widget elementor-widget-wd_title\" data-id=\"61c014c\" data-element_type=\"widget\" data-settings=\"{&quot;ekit_we_effect_on&quot;:&quot;none&quot;}\" data-widget_type=\"wd_title.default\">\n\t\t\t\t<div class=\"elementor-widget-container\">\n\t\t\t\t\t\t\t\t<link rel=\"stylesheet\" id=\"wd-section-title-css\" href=\"https:\/\/carolinacordobaeditora.ar\/wp-content\/themes\/woodmart\/css\/parts\/el-section-title.min.css?ver=7.3.4\" type=\"text\/css\" media=\"all\" \/> \t\t\t\t\t<div class=\"title-wrapper set-mb-s reset-last-child wd-title-color-default wd-title-style-default wd-title-size-large text-left\">\n\n\t\t\t\n\t\t\t<div class=\"liner-continer\">\n\t\t\t\t<h4 class=\"woodmart-title-container title wd-fontsize-xxl\">SERVICIO EDITORIAL<\/h4> \n\t\t\t\t\t\t\t<\/div>\n\n\t\t\t\t\t<\/div>\n\t\t\t\t\t\t<\/div>\n\t\t\t\t<\/div>\n\t\t\t\t<div class=\"elementor-element elementor-element-4b45006 elementor-widget elementor-widget-wd_title\" data-id=\"4b45006\" data-element_type=\"widget\" data-settings=\"{&quot;ekit_we_effect_on&quot;:&quot;none&quot;}\" data-widget_type=\"wd_title.default\">\n\t\t\t\t<div class=\"elementor-widget-container\">\n\t\t\t\t\t\t\t<div class=\"title-wrapper set-mb-s reset-last-child wd-title-color-default wd-title-style-default wd-title-size-large text-left\">\n\n\t\t\t\n\t\t\t<div class=\"liner-continer\">\n\t\t\t\t<h4 class=\"woodmart-title-container title wd-fontsize-xxl\">\u00a1No te quedes solo en el intento!<\/h4> \n\t\t\t\t\t\t\t<\/div>\n\n\t\t\t\t\t<\/div>\n\t\t\t\t\t\t<\/div>\n\t\t\t\t<\/div>\n\t\t\t\t<div class=\"elementor-element elementor-element-bdd7272 elementor-widget elementor-widget-wd_text_block\" data-id=\"bdd7272\" data-element_type=\"widget\" data-settings=\"{&quot;ekit_we_effect_on&quot;:&quot;none&quot;}\" data-widget_type=\"wd_text_block.default\">\n\t\t\t\t<div class=\"elementor-widget-container\">\n\t\t\t\t\t\t\t\t<link rel=\"stylesheet\" id=\"wd-text-block-css\" href=\"https:\/\/carolinacordobaeditora.ar\/wp-content\/themes\/woodmart\/css\/parts\/el-text-block.min.css?ver=7.3.4\" type=\"text\/css\" media=\"all\" \/> \t\t\t\t\t<div class=\"wd-text-block reset-last-child text-left\">\n\t\t\t\n\t\t\t<p>\u00bfEst\u00e1s buscando elevar la calidad y el impacto de tu escrito? Ten\u00e9s la idea, escribiste algo, pero te cuesta avanzar en la redacci\u00f3n o no sab\u00e9s c\u00f3mo escribirla. Quiz\u00e1 ya ten\u00e9s el libro listo, necesit\u00e1s correcci\u00f3n, edici\u00f3n y maquetaci\u00f3n... \u00bfc\u00f3mo lo hac\u00e9s?<\/p><p>El servicio editorial consta de la edici\u00f3n y publicaci\u00f3n de libros f\u00edsicos y digitales.<\/p>\n\t\t\t\t\t<\/div>\n\t\t\t\t\t\t<\/div>\n\t\t\t\t<\/div>\n\t\t\t\t<div class=\"elementor-element elementor-element-05e7f1f elementor-widget elementor-widget-wd_title\" data-id=\"05e7f1f\" data-element_type=\"widget\" data-settings=\"{&quot;ekit_we_effect_on&quot;:&quot;none&quot;}\" data-widget_type=\"wd_title.default\">\n\t\t\t\t<div class=\"elementor-widget-container\">\n\t\t\t\t\t\t\t<div class=\"title-wrapper set-mb-s reset-last-child wd-title-color-default wd-title-style-default wd-title-size-large text-left\">\n\n\t\t\t\n\t\t\t<div class=\"liner-continer\">\n\t\t\t\t<h4 class=\"woodmart-title-container title wd-fontsize-xxl\">\u00bfDe qu\u00e9 se trata?<\/h4> \n\t\t\t\t\t\t\t<\/div>\n\n\t\t\t\t\t<\/div>\n\t\t\t\t\t\t<\/div>\n\t\t\t\t<\/div>\n\t\t\t\t<div class=\"elementor-element elementor-element-d45a547 elementor-widget elementor-widget-wd_text_block\" data-id=\"d45a547\" data-element_type=\"widget\" data-settings=\"{&quot;ekit_we_effect_on&quot;:&quot;none&quot;}\" data-widget_type=\"wd_text_block.default\">\n\t\t\t\t<div class=\"elementor-widget-container\">\n\t\t\t\t\t\t\t<div class=\"wd-text-block reset-last-child text-left\">\n\t\t\t\n\t\t\t<p>1. Informe de lectura: se realiza undocumento que resume y analiza el contenido de tu texto. Incluye resumen, an\u00e1lisis y recomendaciones.<\/p><p>2. Correcci\u00f3n y edici\u00f3n (ortotipogr\u00e1fica - editorial): revisi\u00f3n y correcci\u00f3n del contenido escrito. Esto puede incluir correcci\u00f3n ortogr\u00e1fica y gramatical, as\u00ed como mejoras en el estilo, el g\u00e9nero, la coherencia y la claridad del texto, dependiendo de las necesidades del texto.<\/p>\n\t\t\t\t\t<\/div>\n\t\t\t\t\t\t<\/div>\n\t\t\t\t<\/div>\n\t\t\t\t<div class=\"elementor-element elementor-element-5734fb4 elementor-widget elementor-widget-image\" data-id=\"5734fb4\" data-element_type=\"widget\" data-settings=\"{&quot;ekit_we_effect_on&quot;:&quot;none&quot;}\" data-widget_type=\"image.default\">\n\t\t\t\t<div class=\"elementor-widget-container\">\n\t\t\t\t\t\t\t\t\t\t\t\t\t\t\t<img fetchpriority=\"high\" decoding=\"async\" width=\"1288\" height=\"800\" src=\"https:\/\/carolinacordobaeditora.ar\/wp-content\/uploads\/2023\/08\/IMG_5316-1288x800.jpg\" class=\"attachment-large size-large wp-image-9446\" alt=\"\" srcset=\"https:\/\/carolinacordobaeditora.ar\/wp-content\/uploads\/2023\/08\/IMG_5316-1288x800.jpg 1288w, https:\/\/carolinacordobaeditora.ar\/wp-content\/uploads\/2023\/08\/IMG_5316-400x248.jpg 400w, https:\/\/carolinacordobaeditora.ar\/wp-content\/uploads\/2023\/08\/IMG_5316-768x477.jpg 768w, https:\/\/carolinacordobaeditora.ar\/wp-content\/uploads\/2023\/08\/IMG_5316-1536x954.jpg 1536w, https:\/\/carolinacordobaeditora.ar\/wp-content\/uploads\/2023\/08\/IMG_5316-2048x1272.jpg 2048w\" sizes=\"(max-width: 1288px) 100vw, 1288px\" \/>\t\t\t\t\t\t\t\t\t\t\t\t\t\t\t<\/div>\n\t\t\t\t<\/div>\n\t\t\t\t\t<\/div>\n\t\t<\/div>\n\t\t\t\t<div class=\"elementor-column elementor-col-50 elementor-top-column elementor-element elementor-element-3c9335a\" data-id=\"3c9335a\" data-element_type=\"column\">\n\t\t\t<div class=\"elementor-widget-wrap elementor-element-populated\">\n\t\t\t\t\t\t<div class=\"elementor-element elementor-element-26d0ea9 elementor-hidden-mobile elementor-widget elementor-widget-image\" data-id=\"26d0ea9\" data-element_type=\"widget\" data-settings=\"{&quot;ekit_we_effect_on&quot;:&quot;none&quot;}\" data-widget_type=\"image.default\">\n\t\t\t\t<div class=\"elementor-widget-container\">\n\t\t\t\t\t\t\t\t\t\t\t\t\t\t\t<img decoding=\"async\" width=\"589\" height=\"800\" src=\"https:\/\/carolinacordobaeditora.ar\/wp-content\/uploads\/2023\/08\/IMG_5351-589x800.jpg\" class=\"attachment-large size-large wp-image-9445\" alt=\"\" srcset=\"https:\/\/carolinacordobaeditora.ar\/wp-content\/uploads\/2023\/08\/IMG_5351-589x800.jpg 589w, https:\/\/carolinacordobaeditora.ar\/wp-content\/uploads\/2023\/08\/IMG_5351-221x300.jpg 221w, https:\/\/carolinacordobaeditora.ar\/wp-content\/uploads\/2023\/08\/IMG_5351-768x1043.jpg 768w, https:\/\/carolinacordobaeditora.ar\/wp-content\/uploads\/2023\/08\/IMG_5351-1130x1536.jpg 1130w, https:\/\/carolinacordobaeditora.ar\/wp-content\/uploads\/2023\/08\/IMG_5351-1507x2048.jpg 1507w, https:\/\/carolinacordobaeditora.ar\/wp-content\/uploads\/2023\/08\/IMG_5351-scaled.jpg 1884w\" sizes=\"(max-width: 589px) 100vw, 589px\" \/>\t\t\t\t\t\t\t\t\t\t\t\t\t\t\t<\/div>\n\t\t\t\t<\/div>\n\t\t\t\t<div class=\"elementor-element elementor-element-bcbcccd elementor-widget elementor-widget-wd_text_block\" data-id=\"bcbcccd\" data-element_type=\"widget\" data-settings=\"{&quot;ekit_we_effect_on&quot;:&quot;none&quot;}\" data-widget_type=\"wd_text_block.default\">\n\t\t\t\t<div class=\"elementor-widget-container\">\n\t\t\t\t\t\t\t<div class=\"wd-text-block reset-last-child text-left\">\n\t\t\t\n\t\t\t<p>3. Dise\u00f1o editorial: plantado, maquetaci\u00f3n y presentaci\u00f3n visual del contenido. Elecci\u00f3n de tipograf\u00edas, estilos e im\u00e1genes para mejorar la apariencia y la legibilidad del material.<\/p><p>4. Revisi\u00f3n y correcci\u00f3n de pruebas: revisi\u00f3n final para detectar cualquier error o inconsistencia que se haya pasado por alto durante el proceso de edici\u00f3n.<\/p><p>5. Legales, inscripci\u00f3n, ISBN.<\/p><p>6. Imprenta: prueba de impresi\u00f3n, de ejemplares o a demanda.<\/p>\n\t\t\t\t\t<\/div>\n\t\t\t\t\t\t<\/div>\n\t\t\t\t<\/div>\n\t\t\t\t<div class=\"elementor-element elementor-element-03d56ec elementor-hidden-desktop elementor-widget elementor-widget-image\" data-id=\"03d56ec\" data-element_type=\"widget\" data-settings=\"{&quot;ekit_we_effect_on&quot;:&quot;none&quot;}\" data-widget_type=\"image.default\">\n\t\t\t\t<div class=\"elementor-widget-container\">\n\t\t\t\t\t\t\t\t\t\t\t\t\t\t\t<img decoding=\"async\" width=\"589\" height=\"800\" src=\"https:\/\/carolinacordobaeditora.ar\/wp-content\/uploads\/2023\/08\/IMG_5351-589x800.jpg\" class=\"attachment-large size-large wp-image-9445\" alt=\"\" srcset=\"https:\/\/carolinacordobaeditora.ar\/wp-content\/uploads\/2023\/08\/IMG_5351-589x800.jpg 589w, https:\/\/carolinacordobaeditora.ar\/wp-content\/uploads\/2023\/08\/IMG_5351-221x300.jpg 221w, https:\/\/carolinacordobaeditora.ar\/wp-content\/uploads\/2023\/08\/IMG_5351-768x1043.jpg 768w, https:\/\/carolinacordobaeditora.ar\/wp-content\/uploads\/2023\/08\/IMG_5351-1130x1536.jpg 1130w, https:\/\/carolinacordobaeditora.ar\/wp-content\/uploads\/2023\/08\/IMG_5351-1507x2048.jpg 1507w, https:\/\/carolinacordobaeditora.ar\/wp-content\/uploads\/2023\/08\/IMG_5351-scaled.jpg 1884w\" sizes=\"(max-width: 589px) 100vw, 589px\" \/>\t\t\t\t\t\t\t\t\t\t\t\t\t\t\t<\/div>\n\t\t\t\t<\/div>\n\t\t\t\t\t<\/div>\n\t\t<\/div>\n\t\t\t\t\t<\/div>\n\t\t<\/section>\n\t\t\t\t<\/div>\n\t\t","protected":false},"excerpt":{"rendered":"<p>SERVICIO EDITORIAL \u00a1No te quedes solo en el intento! \u00bfEst\u00e1s buscando elevar la calidad y el impacto de tu escrito?<\/p>\n","protected":false},"author":1,"featured_media":0,"parent":0,"menu_order":0,"comment_status":"closed","ping_status":"closed","template":"","meta":{"_joinchat":[],"footnotes":""},"class_list":["post-9437","page","type-page","status-publish","hentry"],"yoast_head":"<!-- This site is optimized with the Yoast SEO plugin v27.1.1 - https:\/\/yoast.com\/product\/yoast-seo-wordpress\/ -->\n<title>Servicio Editorial - Carolina Cordoba<\/title>\n<meta name=\"robots\" content=\"index, follow, max-snippet:-1, max-image-preview:large, max-video-preview:-1\" \/>\n<link rel=\"canonical\" href=\"https:\/\/carolinacordobaeditora.ar\/index.php\/servicio-editorial\/\" \/>\n<meta property=\"og:locale\" content=\"es_ES\" \/>\n<meta property=\"og:type\" content=\"article\" \/>\n<meta property=\"og:title\" content=\"Servicio Editorial - Carolina Cordoba\" \/>\n<meta property=\"og:description\" content=\"SERVICIO EDITORIAL \u00a1No te quedes solo en el intento! \u00bfEst\u00e1s buscando elevar la calidad y el impacto de tu escrito?\" \/>\n<meta property=\"og:url\" content=\"https:\/\/carolinacordobaeditora.ar\/index.php\/servicio-editorial\/\" \/>\n<meta property=\"og:site_name\" content=\"Carolina Cordoba\" \/>\n<meta property=\"article:modified_time\" content=\"2023-09-30T17:46:18+00:00\" \/>\n<meta property=\"og:image\" content=\"https:\/\/carolinacordobaeditora.ar\/wp-content\/uploads\/2023\/08\/IMG_5316-1288x800.jpg\" \/>\n<meta name=\"twitter:card\" content=\"summary_large_image\" \/>\n<meta name=\"twitter:label1\" content=\"Tiempo de lectura\" \/>\n\t<meta name=\"twitter:data1\" content=\"1 minuto\" \/>\n<script type=\"application\/ld+json\" class=\"yoast-schema-graph\">{\"@context\":\"https:\/\/schema.org\",\"@graph\":[{\"@type\":\"WebPage\",\"@id\":\"https:\/\/carolinacordobaeditora.ar\/index.php\/servicio-editorial\/\",\"url\":\"https:\/\/carolinacordobaeditora.ar\/index.php\/servicio-editorial\/\",\"name\":\"Servicio Editorial - Carolina Cordoba\",\"isPartOf\":{\"@id\":\"https:\/\/carolinacordobaeditora.ar\/#website\"},\"primaryImageOfPage\":{\"@id\":\"https:\/\/carolinacordobaeditora.ar\/index.php\/servicio-editorial\/#primaryimage\"},\"image\":{\"@id\":\"https:\/\/carolinacordobaeditora.ar\/index.php\/servicio-editorial\/#primaryimage\"},\"thumbnailUrl\":\"https:\/\/carolinacordobaeditora.ar\/wp-content\/uploads\/2023\/08\/IMG_5316-1288x800.jpg\",\"datePublished\":\"2023-08-26T05:52:14+00:00\",\"dateModified\":\"2023-09-30T17:46:18+00:00\",\"breadcrumb\":{\"@id\":\"https:\/\/carolinacordobaeditora.ar\/index.php\/servicio-editorial\/#breadcrumb\"},\"inLanguage\":\"es\",\"potentialAction\":[{\"@type\":\"ReadAction\",\"target\":[\"https:\/\/carolinacordobaeditora.ar\/index.php\/servicio-editorial\/\"]}]},{\"@type\":\"ImageObject\",\"inLanguage\":\"es\",\"@id\":\"https:\/\/carolinacordobaeditora.ar\/index.php\/servicio-editorial\/#primaryimage\",\"url\":\"https:\/\/carolinacordobaeditora.ar\/wp-content\/uploads\/2023\/08\/IMG_5316-scaled.jpg\",\"contentUrl\":\"https:\/\/carolinacordobaeditora.ar\/wp-content\/uploads\/2023\/08\/IMG_5316-scaled.jpg\",\"width\":2560,\"height\":1590},{\"@type\":\"BreadcrumbList\",\"@id\":\"https:\/\/carolinacordobaeditora.ar\/index.php\/servicio-editorial\/#breadcrumb\",\"itemListElement\":[{\"@type\":\"ListItem\",\"position\":1,\"name\":\"Portada\",\"item\":\"https:\/\/carolinacordobaeditora.ar\/\"},{\"@type\":\"ListItem\",\"position\":2,\"name\":\"Servicio Editorial\"}]},{\"@type\":\"WebSite\",\"@id\":\"https:\/\/carolinacordobaeditora.ar\/#website\",\"url\":\"https:\/\/carolinacordobaeditora.ar\/\",\"name\":\"Carolina Cordoba | Correcciones de textos y asesor\u00edas en trabajos acad\u00e9micos\",\"description\":\"Correcciones de textos y asesor\u00edas en trabajos acad\u00e9micos\",\"publisher\":{\"@id\":\"https:\/\/carolinacordobaeditora.ar\/#organization\"},\"potentialAction\":[{\"@type\":\"SearchAction\",\"target\":{\"@type\":\"EntryPoint\",\"urlTemplate\":\"https:\/\/carolinacordobaeditora.ar\/?s={search_term_string}\"},\"query-input\":{\"@type\":\"PropertyValueSpecification\",\"valueRequired\":true,\"valueName\":\"search_term_string\"}}],\"inLanguage\":\"es\"},{\"@type\":\"Organization\",\"@id\":\"https:\/\/carolinacordobaeditora.ar\/#organization\",\"name\":\"Carolina Cordoba\",\"url\":\"https:\/\/carolinacordobaeditora.ar\/\",\"logo\":{\"@type\":\"ImageObject\",\"inLanguage\":\"es\",\"@id\":\"https:\/\/carolinacordobaeditora.ar\/#\/schema\/logo\/image\/\",\"url\":\"https:\/\/carolinacordobaeditora.ar\/wp-content\/uploads\/2023\/06\/1.png\",\"contentUrl\":\"https:\/\/carolinacordobaeditora.ar\/wp-content\/uploads\/2023\/06\/1.png\",\"width\":500,\"height\":170,\"caption\":\"Carolina Cordoba\"},\"image\":{\"@id\":\"https:\/\/carolinacordobaeditora.ar\/#\/schema\/logo\/image\/\"}}]}<\/script>\n<!-- \/ Yoast SEO plugin. -->","yoast_head_json":{"title":"Servicio Editorial - Carolina Cordoba","robots":{"index":"index","follow":"follow","max-snippet":"max-snippet:-1","max-image-preview":"max-image-preview:large","max-video-preview":"max-video-preview:-1"},"canonical":"https:\/\/carolinacordobaeditora.ar\/index.php\/servicio-editorial\/","og_locale":"es_ES","og_type":"article","og_title":"Servicio Editorial - Carolina Cordoba","og_description":"SERVICIO EDITORIAL \u00a1No te quedes solo en el intento! \u00bfEst\u00e1s buscando elevar la calidad y el impacto de tu escrito?","og_url":"https:\/\/carolinacordobaeditora.ar\/index.php\/servicio-editorial\/","og_site_name":"Carolina Cordoba","article_modified_time":"2023-09-30T17:46:18+00:00","og_image":[{"url":"https:\/\/carolinacordobaeditora.ar\/wp-content\/uploads\/2023\/08\/IMG_5316-1288x800.jpg","type":"","width":"","height":""}],"twitter_card":"summary_large_image","twitter_misc":{"Tiempo de lectura":"1 minuto"},"schema":{"@context":"https:\/\/schema.org","@graph":[{"@type":"WebPage","@id":"https:\/\/carolinacordobaeditora.ar\/index.php\/servicio-editorial\/","url":"https:\/\/carolinacordobaeditora.ar\/index.php\/servicio-editorial\/","name":"Servicio Editorial - Carolina Cordoba","isPartOf":{"@id":"https:\/\/carolinacordobaeditora.ar\/#website"},"primaryImageOfPage":{"@id":"https:\/\/carolinacordobaeditora.ar\/index.php\/servicio-editorial\/#primaryimage"},"image":{"@id":"https:\/\/carolinacordobaeditora.ar\/index.php\/servicio-editorial\/#primaryimage"},"thumbnailUrl":"https:\/\/carolinacordobaeditora.ar\/wp-content\/uploads\/2023\/08\/IMG_5316-1288x800.jpg","datePublished":"2023-08-26T05:52:14+00:00","dateModified":"2023-09-30T17:46:18+00:00","breadcrumb":{"@id":"https:\/\/carolinacordobaeditora.ar\/index.php\/servicio-editorial\/#breadcrumb"},"inLanguage":"es","potentialAction":[{"@type":"ReadAction","target":["https:\/\/carolinacordobaeditora.ar\/index.php\/servicio-editorial\/"]}]},{"@type":"ImageObject","inLanguage":"es","@id":"https:\/\/carolinacordobaeditora.ar\/index.php\/servicio-editorial\/#primaryimage","url":"https:\/\/carolinacordobaeditora.ar\/wp-content\/uploads\/2023\/08\/IMG_5316-scaled.jpg","contentUrl":"https:\/\/carolinacordobaeditora.ar\/wp-content\/uploads\/2023\/08\/IMG_5316-scaled.jpg","width":2560,"height":1590},{"@type":"BreadcrumbList","@id":"https:\/\/carolinacordobaeditora.ar\/index.php\/servicio-editorial\/#breadcrumb","itemListElement":[{"@type":"ListItem","position":1,"name":"Portada","item":"https:\/\/carolinacordobaeditora.ar\/"},{"@type":"ListItem","position":2,"name":"Servicio Editorial"}]},{"@type":"WebSite","@id":"https:\/\/carolinacordobaeditora.ar\/#website","url":"https:\/\/carolinacordobaeditora.ar\/","name":"Carolina Cordoba | Correcciones de textos y asesor\u00edas en trabajos acad\u00e9micos","description":"Correcciones de textos y asesor\u00edas en trabajos acad\u00e9micos","publisher":{"@id":"https:\/\/carolinacordobaeditora.ar\/#organization"},"potentialAction":[{"@type":"SearchAction","target":{"@type":"EntryPoint","urlTemplate":"https:\/\/carolinacordobaeditora.ar\/?s={search_term_string}"},"query-input":{"@type":"PropertyValueSpecification","valueRequired":true,"valueName":"search_term_string"}}],"inLanguage":"es"},{"@type":"Organization","@id":"https:\/\/carolinacordobaeditora.ar\/#organization","name":"Carolina Cordoba","url":"https:\/\/carolinacordobaeditora.ar\/","logo":{"@type":"ImageObject","inLanguage":"es","@id":"https:\/\/carolinacordobaeditora.ar\/#\/schema\/logo\/image\/","url":"https:\/\/carolinacordobaeditora.ar\/wp-content\/uploads\/2023\/06\/1.png","contentUrl":"https:\/\/carolinacordobaeditora.ar\/wp-content\/uploads\/2023\/06\/1.png","width":500,"height":170,"caption":"Carolina Cordoba"},"image":{"@id":"https:\/\/carolinacordobaeditora.ar\/#\/schema\/logo\/image\/"}}]}},"_links":{"self":[{"href":"https:\/\/carolinacordobaeditora.ar\/index.php\/wp-json\/wp\/v2\/pages\/9437","targetHints":{"allow":["GET"]}}],"collection":[{"href":"https:\/\/carolinacordobaeditora.ar\/index.php\/wp-json\/wp\/v2\/pages"}],"about":[{"href":"https:\/\/carolinacordobaeditora.ar\/index.php\/wp-json\/wp\/v2\/types\/page"}],"author":[{"embeddable":true,"href":"https:\/\/carolinacordobaeditora.ar\/index.php\/wp-json\/wp\/v2\/users\/1"}],"replies":[{"embeddable":true,"href":"https:\/\/carolinacordobaeditora.ar\/index.php\/wp-json\/wp\/v2\/comments?post=9437"}],"version-history":[{"count":0,"href":"https:\/\/carolinacordobaeditora.ar\/index.php\/wp-json\/wp\/v2\/pages\/9437\/revisions"}],"wp:attachment":[{"href":"https:\/\/carolinacordobaeditora.ar\/index.php\/wp-json\/wp\/v2\/media?parent=9437"}],"curies":[{"name":"wp","href":"https:\/\/api.w.org\/{rel}","templated":true}]}}