{"id":8935,"date":"2023-05-30T20:00:55","date_gmt":"2023-05-30T20:00:55","guid":{"rendered":"https:\/\/carolinacordobaeditora.ar\/?page_id=8935"},"modified":"2023-09-30T17:48:53","modified_gmt":"2023-09-30T17:48:53","slug":"correccion-de-tesis","status":"publish","type":"page","link":"https:\/\/carolinacordobaeditora.ar\/index.php\/correccion-de-tesis\/","title":{"rendered":"Correcci\u00f3n de Tesis"},"content":{"rendered":"\t\t<div data-elementor-type=\"wp-page\" data-elementor-id=\"8935\" class=\"elementor elementor-8935\" data-elementor-post-type=\"page\">\n\t\t\t\t\t\t<section class=\"elementor-section elementor-top-section elementor-element elementor-element-48d3e2fc elementor-section-boxed elementor-section-height-default elementor-section-height-default wd-section-disabled\" data-id=\"48d3e2fc\" data-element_type=\"section\" data-settings=\"{&quot;ekit_has_onepagescroll_dot&quot;:&quot;yes&quot;}\">\n\t\t\t\t\t\t<div class=\"elementor-container elementor-column-gap-default\">\n\t\t\t\t\t<div class=\"elementor-column elementor-col-50 elementor-top-column elementor-element elementor-element-143dfa1c\" data-id=\"143dfa1c\" data-element_type=\"column\">\n\t\t\t<div class=\"elementor-widget-wrap elementor-element-populated\">\n\t\t\t\t\t\t<div class=\"elementor-element elementor-element-5b6c9ec2 elementor-widget elementor-widget-wd_title\" data-id=\"5b6c9ec2\" data-element_type=\"widget\" data-settings=\"{&quot;ekit_we_effect_on&quot;:&quot;none&quot;}\" data-widget_type=\"wd_title.default\">\n\t\t\t\t<div class=\"elementor-widget-container\">\n\t\t\t\t\t\t\t\t<link rel=\"stylesheet\" id=\"wd-section-title-css\" href=\"https:\/\/carolinacordobaeditora.ar\/wp-content\/themes\/woodmart\/css\/parts\/el-section-title.min.css?ver=7.3.4\" type=\"text\/css\" media=\"all\" \/> \t\t\t\t\t<div class=\"title-wrapper set-mb-s reset-last-child wd-title-color-default wd-title-style-default wd-title-size-large text-left\">\n\n\t\t\t\n\t\t\t<div class=\"liner-continer\">\n\t\t\t\t<h4 class=\"woodmart-title-container title wd-fontsize-xxl\">CORRECI\u00d3N DE TESIS<\/h4> \n\t\t\t\t\t\t\t<\/div>\n\n\t\t\t\t\t<\/div>\n\t\t\t\t\t\t<\/div>\n\t\t\t\t<\/div>\n\t\t\t\t<div class=\"elementor-element elementor-element-5a44b12b elementor-widget elementor-widget-wd_title\" data-id=\"5a44b12b\" data-element_type=\"widget\" data-settings=\"{&quot;ekit_we_effect_on&quot;:&quot;none&quot;}\" data-widget_type=\"wd_title.default\">\n\t\t\t\t<div class=\"elementor-widget-container\">\n\t\t\t\t\t\t\t<div class=\"title-wrapper set-mb-s reset-last-child wd-title-color-default wd-title-style-default wd-title-size-large text-left\">\n\n\t\t\t\n\t\t\t<div class=\"liner-continer\">\n\t\t\t\t<h4 class=\"woodmart-title-container title wd-fontsize-xxl\">La tesis no se crea ni se destruye, \u00a1se corrige!<\/h4> \n\t\t\t\t\t\t\t<\/div>\n\n\t\t\t\t\t<\/div>\n\t\t\t\t\t\t<\/div>\n\t\t\t\t<\/div>\n\t\t\t\t<div class=\"elementor-element elementor-element-170ca10d elementor-widget elementor-widget-wd_text_block\" data-id=\"170ca10d\" data-element_type=\"widget\" data-settings=\"{&quot;ekit_we_effect_on&quot;:&quot;none&quot;}\" data-widget_type=\"wd_text_block.default\">\n\t\t\t\t<div class=\"elementor-widget-container\">\n\t\t\t\t\t\t\t\t<link rel=\"stylesheet\" id=\"wd-text-block-css\" href=\"https:\/\/carolinacordobaeditora.ar\/wp-content\/themes\/woodmart\/css\/parts\/el-text-block.min.css?ver=7.3.4\" type=\"text\/css\" media=\"all\" \/> \t\t\t\t\t<div class=\"wd-text-block reset-last-child text-left\">\n\t\t\t\n\t\t\t<p>En este espacio te ayudo a encontrarle la vuelta a tu trabajo para que se vista con la formalidad y la seriedad que le corresponde. \u00bfTe anim\u00e1s a darle a tu tesis ese cambio de look?<\/p>\n\t\t\t\t\t<\/div>\n\t\t\t\t\t\t<\/div>\n\t\t\t\t<\/div>\n\t\t\t\t<div class=\"elementor-element elementor-element-3f79f69 elementor-widget elementor-widget-wd_title\" data-id=\"3f79f69\" data-element_type=\"widget\" data-settings=\"{&quot;ekit_we_effect_on&quot;:&quot;none&quot;}\" data-widget_type=\"wd_title.default\">\n\t\t\t\t<div class=\"elementor-widget-container\">\n\t\t\t\t\t\t\t<div class=\"title-wrapper set-mb-s reset-last-child wd-title-color-default wd-title-style-default wd-title-size-large text-left\">\n\n\t\t\t\n\t\t\t<div class=\"liner-continer\">\n\t\t\t\t<h4 class=\"woodmart-title-container title wd-fontsize-xxl\">\u00bfEn qu\u00e9 consiste la correcci\u00f3n de tesis?<\/h4> \n\t\t\t\t\t\t\t<\/div>\n\n\t\t\t\t\t<\/div>\n\t\t\t\t\t\t<\/div>\n\t\t\t\t<\/div>\n\t\t\t\t<div class=\"elementor-element elementor-element-a34dfda elementor-widget elementor-widget-wd_text_block\" data-id=\"a34dfda\" data-element_type=\"widget\" data-settings=\"{&quot;ekit_we_effect_on&quot;:&quot;none&quot;}\" data-widget_type=\"wd_text_block.default\">\n\t\t\t\t<div class=\"elementor-widget-container\">\n\t\t\t\t\t\t\t<div class=\"wd-text-block reset-last-child text-left\">\n\t\t\t\n\t\t\t<p>Se trata de mejorar tu escritura, revisando que la gram\u00e1tica est\u00e9 usada correctamente, seg\u00fan las normas del buen uso del espa\u00f1ol y del manual de estilo que tu universidad te haya sugerido. No tendr\u00e1s m\u00e1s comas mal puestas, ni vicios de escritura, repeticiones de conectores por falta de vocabulario y sin\u00f3nimos o redundancias ling\u00fc\u00edsticas. El texto va a quedar conciso, preciso y exacto, sin que cambie la idea de tu trabajo.<\/p>\n\t\t\t\t\t<\/div>\n\t\t\t\t\t\t<\/div>\n\t\t\t\t<\/div>\n\t\t\t\t<div class=\"elementor-element elementor-element-602b6e98 elementor-widget elementor-widget-image\" data-id=\"602b6e98\" data-element_type=\"widget\" data-settings=\"{&quot;ekit_we_effect_on&quot;:&quot;none&quot;}\" data-widget_type=\"image.default\">\n\t\t\t\t<div class=\"elementor-widget-container\">\n\t\t\t\t\t\t\t\t\t\t\t\t\t\t\t<img fetchpriority=\"high\" decoding=\"async\" width=\"533\" height=\"800\" src=\"https:\/\/carolinacordobaeditora.ar\/wp-content\/uploads\/2023\/08\/IMG_5487-533x800.jpg\" class=\"attachment-large size-large wp-image-9411\" alt=\"\" srcset=\"https:\/\/carolinacordobaeditora.ar\/wp-content\/uploads\/2023\/08\/IMG_5487-533x800.jpg 533w, https:\/\/carolinacordobaeditora.ar\/wp-content\/uploads\/2023\/08\/IMG_5487-200x300.jpg 200w, https:\/\/carolinacordobaeditora.ar\/wp-content\/uploads\/2023\/08\/IMG_5487-768x1152.jpg 768w, https:\/\/carolinacordobaeditora.ar\/wp-content\/uploads\/2023\/08\/IMG_5487-1024x1536.jpg 1024w, https:\/\/carolinacordobaeditora.ar\/wp-content\/uploads\/2023\/08\/IMG_5487-1365x2048.jpg 1365w, https:\/\/carolinacordobaeditora.ar\/wp-content\/uploads\/2023\/08\/IMG_5487-scaled.jpg 1707w\" sizes=\"(max-width: 533px) 100vw, 533px\" \/>\t\t\t\t\t\t\t\t\t\t\t\t\t\t\t<\/div>\n\t\t\t\t<\/div>\n\t\t\t\t\t<\/div>\n\t\t<\/div>\n\t\t\t\t<div class=\"elementor-column elementor-col-50 elementor-top-column elementor-element elementor-element-7d04acc5\" data-id=\"7d04acc5\" data-element_type=\"column\">\n\t\t\t<div class=\"elementor-widget-wrap elementor-element-populated\">\n\t\t\t\t\t\t<div class=\"elementor-element elementor-element-6ac55721 elementor-hidden-mobile elementor-widget elementor-widget-image\" data-id=\"6ac55721\" data-element_type=\"widget\" data-settings=\"{&quot;ekit_we_effect_on&quot;:&quot;none&quot;}\" data-widget_type=\"image.default\">\n\t\t\t\t<div class=\"elementor-widget-container\">\n\t\t\t\t\t\t\t\t\t\t\t\t\t\t\t<img decoding=\"async\" width=\"532\" height=\"800\" src=\"https:\/\/carolinacordobaeditora.ar\/wp-content\/uploads\/2023\/09\/editada-532x800.jpeg\" class=\"attachment-large size-large wp-image-9555\" alt=\"\" srcset=\"https:\/\/carolinacordobaeditora.ar\/wp-content\/uploads\/2023\/09\/editada-532x800.jpeg 532w, https:\/\/carolinacordobaeditora.ar\/wp-content\/uploads\/2023\/09\/editada-200x300.jpeg 200w, https:\/\/carolinacordobaeditora.ar\/wp-content\/uploads\/2023\/09\/editada-768x1155.jpeg 768w, https:\/\/carolinacordobaeditora.ar\/wp-content\/uploads\/2023\/09\/editada-1022x1536.jpeg 1022w, https:\/\/carolinacordobaeditora.ar\/wp-content\/uploads\/2023\/09\/editada-1362x2048.jpeg 1362w, https:\/\/carolinacordobaeditora.ar\/wp-content\/uploads\/2023\/09\/editada-scaled.jpeg 1703w\" sizes=\"(max-width: 532px) 100vw, 532px\" \/>\t\t\t\t\t\t\t\t\t\t\t\t\t\t\t<\/div>\n\t\t\t\t<\/div>\n\t\t\t\t<div class=\"elementor-element elementor-element-5438b683 elementor-widget elementor-widget-wd_title\" data-id=\"5438b683\" data-element_type=\"widget\" data-settings=\"{&quot;ekit_we_effect_on&quot;:&quot;none&quot;}\" data-widget_type=\"wd_title.default\">\n\t\t\t\t<div class=\"elementor-widget-container\">\n\t\t\t\t\t\t\t<div class=\"title-wrapper set-mb-s reset-last-child wd-title-color-default wd-title-style-default wd-title-size-large text-left\">\n\n\t\t\t\n\t\t\t<div class=\"liner-continer\">\n\t\t\t\t<h4 class=\"woodmart-title-container title wd-fontsize-xxl\">\u00bfC\u00f3mo hago la correcci\u00f3n?<\/h4> \n\t\t\t\t\t\t\t<\/div>\n\n\t\t\t\t\t<\/div>\n\t\t\t\t\t\t<\/div>\n\t\t\t\t<\/div>\n\t\t\t\t<div class=\"elementor-element elementor-element-33846002 elementor-widget elementor-widget-wd_text_block\" data-id=\"33846002\" data-element_type=\"widget\" data-settings=\"{&quot;ekit_we_effect_on&quot;:&quot;none&quot;}\" data-widget_type=\"wd_text_block.default\">\n\t\t\t\t<div class=\"elementor-widget-container\">\n\t\t\t\t\t\t\t<div class=\"wd-text-block reset-last-child text-left\">\n\t\t\t\n\t\t\t<p>Usualmente, trabajo en Word con el control de cambios, intercediendo directamente en la correcci\u00f3n del texto o con comentarios al margen, haciendo sugerencias.<\/p>\n\t\t\t\t\t<\/div>\n\t\t\t\t\t\t<\/div>\n\t\t\t\t<\/div>\n\t\t\t\t<div class=\"elementor-element elementor-element-c143939 elementor-hidden-desktop elementor-hidden-tablet elementor-widget elementor-widget-image\" data-id=\"c143939\" data-element_type=\"widget\" data-settings=\"{&quot;ekit_we_effect_on&quot;:&quot;none&quot;}\" data-widget_type=\"image.default\">\n\t\t\t\t<div class=\"elementor-widget-container\">\n\t\t\t\t\t\t\t\t\t\t\t\t\t\t\t<img decoding=\"async\" width=\"532\" height=\"800\" src=\"https:\/\/carolinacordobaeditora.ar\/wp-content\/uploads\/2023\/09\/editada-532x800.jpeg\" class=\"attachment-large size-large wp-image-9555\" alt=\"\" srcset=\"https:\/\/carolinacordobaeditora.ar\/wp-content\/uploads\/2023\/09\/editada-532x800.jpeg 532w, https:\/\/carolinacordobaeditora.ar\/wp-content\/uploads\/2023\/09\/editada-200x300.jpeg 200w, https:\/\/carolinacordobaeditora.ar\/wp-content\/uploads\/2023\/09\/editada-768x1155.jpeg 768w, https:\/\/carolinacordobaeditora.ar\/wp-content\/uploads\/2023\/09\/editada-1022x1536.jpeg 1022w, https:\/\/carolinacordobaeditora.ar\/wp-content\/uploads\/2023\/09\/editada-1362x2048.jpeg 1362w, https:\/\/carolinacordobaeditora.ar\/wp-content\/uploads\/2023\/09\/editada-scaled.jpeg 1703w\" sizes=\"(max-width: 532px) 100vw, 532px\" \/>\t\t\t\t\t\t\t\t\t\t\t\t\t\t\t<\/div>\n\t\t\t\t<\/div>\n\t\t\t\t\t<\/div>\n\t\t<\/div>\n\t\t\t\t\t<\/div>\n\t\t<\/section>\n\t\t\t\t<\/div>\n\t\t","protected":false},"excerpt":{"rendered":"<p>CORRECI\u00d3N DE TESIS La tesis no se crea ni se destruye, \u00a1se corrige! En este espacio te ayudo a encontrarle<\/p>\n","protected":false},"author":1,"featured_media":0,"parent":0,"menu_order":0,"comment_status":"closed","ping_status":"closed","template":"","meta":{"_joinchat":[],"footnotes":""},"class_list":["post-8935","page","type-page","status-publish","hentry"],"yoast_head":"<!-- This site is optimized with the Yoast SEO plugin v27.1.1 - https:\/\/yoast.com\/product\/yoast-seo-wordpress\/ -->\n<title>Correcci\u00f3n de Tesis - Carolina Cordoba<\/title>\n<meta name=\"robots\" content=\"index, follow, max-snippet:-1, max-image-preview:large, max-video-preview:-1\" \/>\n<link rel=\"canonical\" href=\"https:\/\/carolinacordobaeditora.ar\/index.php\/correccion-de-tesis\/\" \/>\n<meta property=\"og:locale\" content=\"es_ES\" \/>\n<meta property=\"og:type\" content=\"article\" \/>\n<meta property=\"og:title\" content=\"Correcci\u00f3n de Tesis - Carolina Cordoba\" \/>\n<meta property=\"og:description\" content=\"CORRECI\u00d3N DE TESIS La tesis no se crea ni se destruye, \u00a1se corrige! En este espacio te ayudo a encontrarle\" \/>\n<meta property=\"og:url\" content=\"https:\/\/carolinacordobaeditora.ar\/index.php\/correccion-de-tesis\/\" \/>\n<meta property=\"og:site_name\" content=\"Carolina Cordoba\" \/>\n<meta property=\"article:modified_time\" content=\"2023-09-30T17:48:53+00:00\" \/>\n<meta property=\"og:image\" content=\"https:\/\/carolinacordobaeditora.ar\/wp-content\/uploads\/2023\/08\/IMG_5487-533x800.jpg\" \/>\n<meta name=\"twitter:card\" content=\"summary_large_image\" \/>\n<meta name=\"twitter:label1\" content=\"Tiempo de lectura\" \/>\n\t<meta name=\"twitter:data1\" content=\"1 minuto\" \/>\n<script type=\"application\/ld+json\" class=\"yoast-schema-graph\">{\"@context\":\"https:\/\/schema.org\",\"@graph\":[{\"@type\":\"WebPage\",\"@id\":\"https:\/\/carolinacordobaeditora.ar\/index.php\/correccion-de-tesis\/\",\"url\":\"https:\/\/carolinacordobaeditora.ar\/index.php\/correccion-de-tesis\/\",\"name\":\"Correcci\u00f3n de Tesis - Carolina Cordoba\",\"isPartOf\":{\"@id\":\"https:\/\/carolinacordobaeditora.ar\/#website\"},\"primaryImageOfPage\":{\"@id\":\"https:\/\/carolinacordobaeditora.ar\/index.php\/correccion-de-tesis\/#primaryimage\"},\"image\":{\"@id\":\"https:\/\/carolinacordobaeditora.ar\/index.php\/correccion-de-tesis\/#primaryimage\"},\"thumbnailUrl\":\"https:\/\/carolinacordobaeditora.ar\/wp-content\/uploads\/2023\/08\/IMG_5487-533x800.jpg\",\"datePublished\":\"2023-05-30T20:00:55+00:00\",\"dateModified\":\"2023-09-30T17:48:53+00:00\",\"breadcrumb\":{\"@id\":\"https:\/\/carolinacordobaeditora.ar\/index.php\/correccion-de-tesis\/#breadcrumb\"},\"inLanguage\":\"es\",\"potentialAction\":[{\"@type\":\"ReadAction\",\"target\":[\"https:\/\/carolinacordobaeditora.ar\/index.php\/correccion-de-tesis\/\"]}]},{\"@type\":\"ImageObject\",\"inLanguage\":\"es\",\"@id\":\"https:\/\/carolinacordobaeditora.ar\/index.php\/correccion-de-tesis\/#primaryimage\",\"url\":\"https:\/\/carolinacordobaeditora.ar\/wp-content\/uploads\/2023\/08\/IMG_5487-scaled.jpg\",\"contentUrl\":\"https:\/\/carolinacordobaeditora.ar\/wp-content\/uploads\/2023\/08\/IMG_5487-scaled.jpg\",\"width\":1707,\"height\":2560},{\"@type\":\"BreadcrumbList\",\"@id\":\"https:\/\/carolinacordobaeditora.ar\/index.php\/correccion-de-tesis\/#breadcrumb\",\"itemListElement\":[{\"@type\":\"ListItem\",\"position\":1,\"name\":\"Portada\",\"item\":\"https:\/\/carolinacordobaeditora.ar\/\"},{\"@type\":\"ListItem\",\"position\":2,\"name\":\"Correcci\u00f3n de Tesis\"}]},{\"@type\":\"WebSite\",\"@id\":\"https:\/\/carolinacordobaeditora.ar\/#website\",\"url\":\"https:\/\/carolinacordobaeditora.ar\/\",\"name\":\"Carolina Cordoba | Correcciones de textos y asesor\u00edas en trabajos acad\u00e9micos\",\"description\":\"Correcciones de textos y asesor\u00edas en trabajos acad\u00e9micos\",\"publisher\":{\"@id\":\"https:\/\/carolinacordobaeditora.ar\/#organization\"},\"potentialAction\":[{\"@type\":\"SearchAction\",\"target\":{\"@type\":\"EntryPoint\",\"urlTemplate\":\"https:\/\/carolinacordobaeditora.ar\/?s={search_term_string}\"},\"query-input\":{\"@type\":\"PropertyValueSpecification\",\"valueRequired\":true,\"valueName\":\"search_term_string\"}}],\"inLanguage\":\"es\"},{\"@type\":\"Organization\",\"@id\":\"https:\/\/carolinacordobaeditora.ar\/#organization\",\"name\":\"Carolina Cordoba\",\"url\":\"https:\/\/carolinacordobaeditora.ar\/\",\"logo\":{\"@type\":\"ImageObject\",\"inLanguage\":\"es\",\"@id\":\"https:\/\/carolinacordobaeditora.ar\/#\/schema\/logo\/image\/\",\"url\":\"https:\/\/carolinacordobaeditora.ar\/wp-content\/uploads\/2023\/06\/1.png\",\"contentUrl\":\"https:\/\/carolinacordobaeditora.ar\/wp-content\/uploads\/2023\/06\/1.png\",\"width\":500,\"height\":170,\"caption\":\"Carolina Cordoba\"},\"image\":{\"@id\":\"https:\/\/carolinacordobaeditora.ar\/#\/schema\/logo\/image\/\"}}]}<\/script>\n<!-- \/ Yoast SEO plugin. -->","yoast_head_json":{"title":"Correcci\u00f3n de Tesis - Carolina Cordoba","robots":{"index":"index","follow":"follow","max-snippet":"max-snippet:-1","max-image-preview":"max-image-preview:large","max-video-preview":"max-video-preview:-1"},"canonical":"https:\/\/carolinacordobaeditora.ar\/index.php\/correccion-de-tesis\/","og_locale":"es_ES","og_type":"article","og_title":"Correcci\u00f3n de Tesis - Carolina Cordoba","og_description":"CORRECI\u00d3N DE TESIS La tesis no se crea ni se destruye, \u00a1se corrige! En este espacio te ayudo a encontrarle","og_url":"https:\/\/carolinacordobaeditora.ar\/index.php\/correccion-de-tesis\/","og_site_name":"Carolina Cordoba","article_modified_time":"2023-09-30T17:48:53+00:00","og_image":[{"url":"https:\/\/carolinacordobaeditora.ar\/wp-content\/uploads\/2023\/08\/IMG_5487-533x800.jpg","type":"","width":"","height":""}],"twitter_card":"summary_large_image","twitter_misc":{"Tiempo de lectura":"1 minuto"},"schema":{"@context":"https:\/\/schema.org","@graph":[{"@type":"WebPage","@id":"https:\/\/carolinacordobaeditora.ar\/index.php\/correccion-de-tesis\/","url":"https:\/\/carolinacordobaeditora.ar\/index.php\/correccion-de-tesis\/","name":"Correcci\u00f3n de Tesis - Carolina Cordoba","isPartOf":{"@id":"https:\/\/carolinacordobaeditora.ar\/#website"},"primaryImageOfPage":{"@id":"https:\/\/carolinacordobaeditora.ar\/index.php\/correccion-de-tesis\/#primaryimage"},"image":{"@id":"https:\/\/carolinacordobaeditora.ar\/index.php\/correccion-de-tesis\/#primaryimage"},"thumbnailUrl":"https:\/\/carolinacordobaeditora.ar\/wp-content\/uploads\/2023\/08\/IMG_5487-533x800.jpg","datePublished":"2023-05-30T20:00:55+00:00","dateModified":"2023-09-30T17:48:53+00:00","breadcrumb":{"@id":"https:\/\/carolinacordobaeditora.ar\/index.php\/correccion-de-tesis\/#breadcrumb"},"inLanguage":"es","potentialAction":[{"@type":"ReadAction","target":["https:\/\/carolinacordobaeditora.ar\/index.php\/correccion-de-tesis\/"]}]},{"@type":"ImageObject","inLanguage":"es","@id":"https:\/\/carolinacordobaeditora.ar\/index.php\/correccion-de-tesis\/#primaryimage","url":"https:\/\/carolinacordobaeditora.ar\/wp-content\/uploads\/2023\/08\/IMG_5487-scaled.jpg","contentUrl":"https:\/\/carolinacordobaeditora.ar\/wp-content\/uploads\/2023\/08\/IMG_5487-scaled.jpg","width":1707,"height":2560},{"@type":"BreadcrumbList","@id":"https:\/\/carolinacordobaeditora.ar\/index.php\/correccion-de-tesis\/#breadcrumb","itemListElement":[{"@type":"ListItem","position":1,"name":"Portada","item":"https:\/\/carolinacordobaeditora.ar\/"},{"@type":"ListItem","position":2,"name":"Correcci\u00f3n de Tesis"}]},{"@type":"WebSite","@id":"https:\/\/carolinacordobaeditora.ar\/#website","url":"https:\/\/carolinacordobaeditora.ar\/","name":"Carolina Cordoba | Correcciones de textos y asesor\u00edas en trabajos acad\u00e9micos","description":"Correcciones de textos y asesor\u00edas en trabajos acad\u00e9micos","publisher":{"@id":"https:\/\/carolinacordobaeditora.ar\/#organization"},"potentialAction":[{"@type":"SearchAction","target":{"@type":"EntryPoint","urlTemplate":"https:\/\/carolinacordobaeditora.ar\/?s={search_term_string}"},"query-input":{"@type":"PropertyValueSpecification","valueRequired":true,"valueName":"search_term_string"}}],"inLanguage":"es"},{"@type":"Organization","@id":"https:\/\/carolinacordobaeditora.ar\/#organization","name":"Carolina Cordoba","url":"https:\/\/carolinacordobaeditora.ar\/","logo":{"@type":"ImageObject","inLanguage":"es","@id":"https:\/\/carolinacordobaeditora.ar\/#\/schema\/logo\/image\/","url":"https:\/\/carolinacordobaeditora.ar\/wp-content\/uploads\/2023\/06\/1.png","contentUrl":"https:\/\/carolinacordobaeditora.ar\/wp-content\/uploads\/2023\/06\/1.png","width":500,"height":170,"caption":"Carolina Cordoba"},"image":{"@id":"https:\/\/carolinacordobaeditora.ar\/#\/schema\/logo\/image\/"}}]}},"_links":{"self":[{"href":"https:\/\/carolinacordobaeditora.ar\/index.php\/wp-json\/wp\/v2\/pages\/8935","targetHints":{"allow":["GET"]}}],"collection":[{"href":"https:\/\/carolinacordobaeditora.ar\/index.php\/wp-json\/wp\/v2\/pages"}],"about":[{"href":"https:\/\/carolinacordobaeditora.ar\/index.php\/wp-json\/wp\/v2\/types\/page"}],"author":[{"embeddable":true,"href":"https:\/\/carolinacordobaeditora.ar\/index.php\/wp-json\/wp\/v2\/users\/1"}],"replies":[{"embeddable":true,"href":"https:\/\/carolinacordobaeditora.ar\/index.php\/wp-json\/wp\/v2\/comments?post=8935"}],"version-history":[{"count":0,"href":"https:\/\/carolinacordobaeditora.ar\/index.php\/wp-json\/wp\/v2\/pages\/8935\/revisions"}],"wp:attachment":[{"href":"https:\/\/carolinacordobaeditora.ar\/index.php\/wp-json\/wp\/v2\/media?parent=8935"}],"curies":[{"name":"wp","href":"https:\/\/api.w.org\/{rel}","templated":true}]}}